{"id":24,"date":"2015-11-20T15:54:15","date_gmt":"2015-11-20T14:54:15","guid":{"rendered":"https:\/\/inge-brandenburg.de\/?page_id=24"},"modified":"2023-07-21T14:33:51","modified_gmt":"2023-07-21T12:33:51","slug":"rezensionen","status":"publish","type":"page","link":"https:\/\/inge-brandenburg.de\/?page_id=24","title":{"rendered":"Rezensionen zum Film"},"content":{"rendered":"\n<h3 class=\"wp-block-heading\">Film-Rezensionen &#8211; Film Reviews<\/h3>\n\n\n<div class=\"wp-block-image\">\n<figure class=\"alignright size-full is-resized\"><img loading=\"lazy\" decoding=\"async\" src=\"https:\/\/inge-brandenburg.de\/wp-content\/uploads\/2023\/07\/DSC_5626_1000.jpeg\" alt=\"\" class=\"wp-image-50\" width=\"261\" height=\"391\" srcset=\"https:\/\/inge-brandenburg.de\/wp-content\/uploads\/2023\/07\/DSC_5626_1000.jpeg 667w, https:\/\/inge-brandenburg.de\/wp-content\/uploads\/2023\/07\/DSC_5626_1000-200x300.jpeg 200w\" sizes=\"auto, (max-width: 261px) 100vw, 261px\" \/><\/figure><\/div>\n\n\n<p>\u201cSehenswert!&#8220; &#8211; Well worth seeing.\u201d (<em>stern, 6.10.2011<\/em>)<\/p>\n\n\n\n<p>\u201cBeeindruckende K\u00fcnstlerbiographie!&#8220; &#8211; &#8222;An impressive biography of an artist\u2019s life.\u201d (<em>Hamburger Abendblatt, 22.12.2011<\/em>)<\/p>\n\n\n\n<p>\u201cEin packendes Portr\u00e4t einer S\u00e4ngerin, die nicht das sein durfte, was sie sein wollte &#8211; und die daran zerbrach.&#8220; &#8211; &#8222;A gripping portrait of a singer who wasn\u2019t allowed to be what she wanted to be and who was destroyed in consequence.\u201d (<em>WAZ, Oliver Schlappat, 12.11.2011<\/em>)<\/p>\n\n\n\n<p>\u201c&#8230;ein wunderbares Denkmal&#8220; &#8211; &#8222;A wonderful memorial.\u201d (<em>na presseportal, 28.10.2011<\/em>)<\/p>\n\n\n\n<p>\u201cEine \u00fcberf\u00e4llige Wiederentdeckung&#8220; &#8211; &#8222;A rediscovery that is long overdue.\u201d (<em>Hans Hielscher, Spiegel online, 29.10.2011<\/em>)<\/p>\n\n\n\n<p>\u201cBewegendes Portr\u00e4t \u00fcber die grandiose und doch stets verkannte deutsche Jazzmusikerin.&#8220; &#8211; &#8222;A moving portrait of a great German jazz singer who continues to be misunderstood.\u201d (<em>Kino News, 05.11.2011<\/em>)<\/p>\n\n\n\n<p>\u201cEs gibt viel zu loben an diesem lebendigen Portr\u00e4t. Eine wertvolle Wiederentdeckung!&#8220; &#8211; &#8222;There is much to praise in this living portrait: a worthwhile rediscovery.\u201d (<em>Andreas K\u00f6rner, S\u00e4chsische Zeitung, 27.10.2011<\/em>)<\/p>\n\n\n\n<p><strong>mehr Kritiken siehe unter &#8222;Der Film &#8211; Rezensionen&#8220; &#8211; much more reviews in &#8222;The Movie &#8211; film review&#8220;<\/strong><\/p>\n\n\n\n<p>\u201cEine gro\u00dfartige Dokumentation. Reingehen lohnt sich!&#8220; &#8211; &#8222;A magnificent documentary \u2013 definitely worth seeing.\u201d (<em>Mittelbayerische Zeitung, 13.12.2011<\/em>)<\/p>\n\n\n\n<p>\u201cZwei Stunden, die wie im Flug vergehen und viel Lust auf eine CD von Inge Brandenburg mit ihrer facettenreichen, dunklen Stimme machen.&#8220; &#8211; &#8222;The result is two hours that fly past and that make one look forward to a CD of Inge Brandenburg, with her dark-toned, multifaceted voice.\u201d (<em>Anne Daun, Dresdner Neueste Nachrichten,<\/em>&nbsp;<em>27.10.2011<\/em>)<\/p>\n\n\n\n<p>\u201cEin starkes, ehrliches Portrait. [\u2026] Boettcher wirbelt den Staub auf und f\u00fcgt fast vergessene Teile zusammen, die den Film zu einem sensiblen Portrait undzu einem St\u00fcck Geschichte zugleich machen. Vielleicht ist die Zeit nun endlich reif f\u00fcr Inge Brandenburg.&#8220; &#8211; &#8222;A powerful, honest portrait that works well. [\u2026] Boettcher sweeps the dust away, reassembling almost forgotten sections that turn the film into both a sensitive portrait and a piece of history. Perhaps the age is finally ready for Inge Brandenburg.\u201d (<em>Nina Breher, Aviva Magazin f\u00fcr Frauen, Oktober 2011<\/em>)<\/p>\n\n\n\n<p>\u201cEin musikalischer Schatz und eine menschliche Trag\u00f6die zugleich.&#8220; &#8211; &#8222;A musical treasure and at the same time a human tragedy.\u201d (<em>Abgedreht &#8211; Inforadio RBB,<\/em>&nbsp;<em>27.10.2011<\/em>)<\/p>\n\n\n\n<p>&#8222;Mit dem Portrait und einer CD konnte Boettcher der Jazzs\u00e4ngerin, die nie den Willen aufgab, ihr Talent auszuleben, postum noch ihren gr\u00f6\u00dften Wunsch erf\u00fcllen.&#8220; &#8211; &#8222;With this portrait and CD, Boettcher has been able to realize the greatest dream of a jazz singer who never abandoned her wish to live out her talent to the full.&#8220;&nbsp;(<em>RNZ 18.09.2012<\/em>)<\/p>\n\n\n\n<p>&#8222;Marc Boettchers preisgekr\u00f6nter Film \u00fcber Inge Brandenburg kommt trotz der vielen nett aufbereiteten Zeitzeugenschnipsel gl\u00fccklicherweise nicht so glatt daher wie eine Guido-Knopp-Geschichtsstunde, sondern l\u00e4sst der Portraitierten den (vor allen Dingen akustisch) gr\u00f6\u00dften Raum. Und das macht den Film so spannend, denn sobald Inge Brandenburg singt, wird\u2019s magisch.&#8220; &#8211;&nbsp;\u201cIn spite of the many nicely edited eyewitness clips, Marc Boettcher\u2019s prize-winning film about Inge Brandenburg fortunately never sinks to the glib level of a Guido Kopp history lesson but privileges the singer herself, above all in the form of sound recordings. It is this that makes the film so exciting, because as soon as Inge Brandenburg sings, it\u2019s magical\u201d&nbsp;(<em>phenomenelle, Ulrike Anhamm, 20.09.2012)<\/em><\/p>\n\n\n\n<p>&#8222;Eine schmerzliche L\u00fccke endlich geschlossen&#8230;, das wenige, das Inge Brandenburg hinterlassen hat, geh\u00f6rt zum Besten, was der europ\u00e4ische Vokal-Jazz je zu bieten hatte. Marc Boettchers brillant recherchierter, faszinierender Film \u00fcber diese unerh\u00f6rt interessante Frau und umwerfende K\u00fcnstlerin setzt ihr ein Denkmal &#8211; gebrochen, gewi\u00df, doch eines, das auch an die Fehler ihrer Umgebung erinnert, die es nicht zulie\u00df, da\u00df diese K\u00fcnstlerin zeigen konnte, was in ihr steckte. Ein gro\u00dfer Verlust f\u00fcr die Jazz-Welt. F\u00fcr Recherche, Redaktion, Dramaturgie, Schnitt, Ton- und<br>Bildqualit\u00e4t und f\u00fcr seinen hinrei\u00dfenden Vorspann verdient der jetzt auf DVD zu habende Film ebenso wie die parallel dazu produzierte CD (s.u.) unsere Auszeichnung: den Musenku\u00df.&#8220;<em> (Frank Becker, Musenbl\u00e4tter, 23.08.2012 und 18.02.2019)<\/em><\/p>\n","protected":false},"excerpt":{"rendered":"<p>Film-Rezensionen &#8211; Film Reviews \u201cSehenswert!&#8220; &#8211; Well worth seeing.\u201d (stern, 6.10.2011) \u201cBeeindruckende K\u00fcnstlerbiographie!&#8220; &#8211; &#8222;An impressive biography of an artist\u2019s life.\u201d (Hamburger Abendblatt, 22.12.2011) \u201cEin packendes Portr\u00e4t einer S\u00e4ngerin, die nicht das sein durfte, was sie sein wollte &#8211; und die daran zerbrach.&#8220; &#8211; &#8222;A gripping portrait of a singer who wasn\u2019t allowed to be [&hellip;]<\/p>\n","protected":false},"author":1,"featured_media":0,"parent":0,"menu_order":4,"comment_status":"closed","ping_status":"closed","template":"","meta":{"footnotes":""},"class_list":["post-24","page","type-page","status-publish","hentry"],"_links":{"self":[{"href":"https:\/\/inge-brandenburg.de\/index.php?rest_route=\/wp\/v2\/pages\/24","targetHints":{"allow":["GET"]}}],"collection":[{"href":"https:\/\/inge-brandenburg.de\/index.php?rest_route=\/wp\/v2\/pages"}],"about":[{"href":"https:\/\/inge-brandenburg.de\/index.php?rest_route=\/wp\/v2\/types\/page"}],"author":[{"embeddable":true,"href":"https:\/\/inge-brandenburg.de\/index.php?rest_route=\/wp\/v2\/users\/1"}],"replies":[{"embeddable":true,"href":"https:\/\/inge-brandenburg.de\/index.php?rest_route=%2Fwp%2Fv2%2Fcomments&post=24"}],"version-history":[{"count":1,"href":"https:\/\/inge-brandenburg.de\/index.php?rest_route=\/wp\/v2\/pages\/24\/revisions"}],"predecessor-version":[{"id":217,"href":"https:\/\/inge-brandenburg.de\/index.php?rest_route=\/wp\/v2\/pages\/24\/revisions\/217"}],"wp:attachment":[{"href":"https:\/\/inge-brandenburg.de\/index.php?rest_route=%2Fwp%2Fv2%2Fmedia&parent=24"}],"curies":[{"name":"wp","href":"https:\/\/api.w.org\/{rel}","templated":true}]}}